, 14843
List the prime factors of 23077.
47, 491
List the prime factors of 1047183.
3, 17, 20533
List the prime factors of 3964232.
2, 137, 3617
What are the prime factors of 102073?
103, 991
What are the prime factors of 240419?
23, 10453
List the prime factors of 5509898.
2, 2754949
List the prime factors of 154734.
2, 3, 17, 37, 41
What are the prime factors of 1161891?
3, 23, 1871
What are the prime factors of 418405?
5, 13, 41, 157
What are the prime factors of 14186945?
5, 29, 97841
List the prime factors of 10637756.
2, 2659439
List the prime factors of 161194.
2, 11, 17, 431
List the prime factors of 16658061.
3, 7, 239, 3319
What are the prime factors of 2210319?
3, 245591
What are the prime factors of 99389?
19, 5231
List the prime factors of 2130151.
17, 125303
List the prime factors of 12173446.
2, 29, 209887
What are the prime factors of 244404?
2, 3, 31, 73
List the prime factors of 324672.
2, 3, 19, 89
List the prime factors of 2930049.
3, 379, 859
List the prime factors of 3476494.
2, 7, 239, 1039
What are the prime factors of 3178688?
2, 49667
List the prime factors of 1319046.
2, 3, 191, 1151
List the prime factors of 4499801.
4499801
List the prime factors of 1770802.
2, 11, 80491
What are the prime factors of 16135131?
3, 5378377
List the prime factors of 15237337.
31, 491527
What are the prime factors of 294207?
3, 281, 349
What are the prime factors of 2048780?
2, 5, 89, 1151
List the prime factors of 8331985.
5, 1666397
What are the prime factors of 220736?
2, 3449
List the prime factors of 369908.
2, 7, 11, 1201
List the prime factors of 80497.
101, 797
List the prime factors of 2653228.
2, 31, 21397
List the prime factors of 8912141.
7, 491, 2593
List the prime factors of 4239659.
23, 184333
List the prime factors of 796451.
796451
List the prime factors of 323528.
2, 37, 1093
What are the prime factors of 53705?
5, 23, 467
List the prime factors of 70037.
11, 6367
What are the prime factors of 1105215?
3, 5, 73681
List the prime factors of 203663.
203663
List the prime factors of 930772.
2, 19, 37, 331
List the prime factors of 440850.
2, 3, 5, 2939
What are the prime factors of 378200?
2, 5, 31, 61
List the prime factors of 6369607.
1667, 3821
What are the prime factors of 1417346?
2, 7, 29, 3491
What are the prime factors of 594884?
2, 148721
List the prime factors of 331800.
2, 3, 5, 7, 79
List the prime factors of 4251924.
2, 3, 83, 1423
List the prime factors of 125266.
2, 62633
What are the prime factors of 4335012?
2, 3, 11, 41, 89
List the prime factors of 1138007.
13, 87539
What are the prime factors of 353030?
2, 5, 43, 821
What are the prime factors of 255505?
5, 137, 373
List the prime factors of 607808.
2, 9497
List the prime factors of 7514357.
17, 41, 10781
List the prime factors of 124283.
37, 3359
List the prime factors of 1016870.
2, 5, 61, 1667
List the prime factors of 3708182.
2, 67, 27673
What are the prime factors of 2812553?
2812553
What are the prime factors of 948472?
2, 7, 16937
List the prime factors of 17540595.
3, 5, 389791
What are the prime factors of 4306877?
29, 148513
List the prime factors of 322027.
43, 7489
What are the prime factors of 207445?
5, 7, 5927
What are the prime factors of 30446?
2, 13, 1171
List the prime factors of 10321789.
241, 42829
List the prime factors of 947941.
479, 1979
What are the prime factors of 720165?
3, 5, 41, 1171
What are the prime factors of 232737?
3, 23, 3373
What are the prime factors of 28971454?
2, 14485727
List the prime factors of 3225908.
2, 7, 115211
List the prime factors of 4098653.
13, 315281
What are the prime factors of 30935518?
2, 29, 533371
What are the prime factors of 394077?
3, 17, 7727
List the prime factors of 2925119.
2925119
List the prime factors of 187044.
2, 3, 11, 13, 109
List the prime factors of 3194068.
2, 798517
What are the prime factors of 784501?
784501
What are the prime factors of 1797826?
2, 29, 139, 223
List the prime factors of 878252.
2, 89, 2467
List the prime factors of 33980.
2, 5, 1699
What are the prime factors of 3645854?
2, 17, 157, 683
What are the prime factors of 485686?
2, 41, 5923
List the prime factors of 21338165.
5, 1669, 2557
List the prime factors of 2345009.
2345009
List the prime factors of 22322996.
2, 1303, 4283
What are the prime factors of 205814?
2, 7, 61, 241
What are the prime factors of 6279155?
5, 1255831
What are the prime factors of 5398558?
2, 11, 245389
What are the prime factors of 174870?
2, 3, 5, 29, 67
What are the prime factors of 326546?
2, 11, 14843
List the prime factors of 4223736.
2, 3, 11, 5333
List the prime factors of 3865528.
2, 17, 43, 661
What are the prime factors of 9835128?
2, 3, 45533
List the prime factors of 358529.
137, 2617
What are the prime factors of 260187?
3, 86729
What are the prime factors of 9738082?
2, 157, 31013
What are the prime factors of 2838319?
11, 163, 1583
List the prime factors of 538265.
5, 7, 13
What are the prime factors of 529618?
2, 17, 37, 421
List the prime factors of 458331.
3, 152777
List the prime factors of 17945689.
17945689
What are the prime factors of 12930330?
2, 3, 5, 7, 67, 919
List the prime factors of 4689634.
2, 199, 11783
What are the prime factors of 691524?
2, 3, 19, 337
List the prime factors of 171589.
11, 19, 821
What are the prime factors of 4801035?
3, 5, 101, 3169
What are the prime factors of 445929?
3, 11, 13513
List the prime factors of 18624494.
2, 7, 1330321
What are the prime factors of 976629?
3, 325543
What are the prime factors of 478609?
31, 15439
What are the prime factors of 1004413?
449, 2237
List the prime factors of 472041.
3, 17483
What are the prime factors of 6838871?
13, 526067
What are the prime factors of 38016?
2, 3, 11
What are the prime factors of 819148?
2, 11, 18617
What are the prime factors of 2408211?
3, 13, 2287
List the prime factors of 224537.
151, 1487
List the prime factors of 4744995.
3, 5, 137, 2309
What are the prime factors of 137111?
13, 53, 199
List the prime factors of 3359793.
3, 389, 2879
List the prime factors of 267809.
31, 53, 163
What are the prime factors of 2814083?
2814083
What are the prime factors of 191796?
2, 3, 11, 1453
What are the prime factors of 160125?
3, 5, 7, 61
List the prime factors of 317197.
317197
List the prime factors of 1937490.
2, 3, 5, 17, 29, 131
What are the prime factors of 14761014?
2, 3, 809, 3041
List the prime factors of 2719223.
13, 19, 101, 109
What are the prime factors of 273435?
3, 5, 18229
List the prime factors of 3522593.
163, 21611
List the prime factors of 2184270.
2, 3, 5, 11, 6619
List the prime factors of 2621132.
2, 655283
List the prime factors of 1974633.
3, 658211
List the prime factors of 6240786.
2, 3, 97, 10723
What are the prime factors of 981988?
2, 7, 17, 2063
What are the prime factors of 24313649?
109, 223061
What are the prime factors of 168278?
2, 11, 7649
What are the prime factors of 23481172?
2, 11, 13, 41051
List the prime factors of 18549.
3, 229
List the prime factors of 1343763.
3, 157, 317
What are the prime factors of 4648483?
7, 19, 4993
List the prime factors of 1925785.
5, 599, 643
What are the prime factors of 17179554?
2, 3, 7, 17, 24061
List the prime factors of 6112034.
2, 19, 41, 3923
List the prime factors of 1684442.
2, 163, 5167
What are the prime factors of 12842562?
2, 3, 47, 45541
What are the prime factors of 23557192?
2, 1549, 1901
What are the prime factors of 357610?
2, 5, 11, 3251
What are the prime factors of 1014595?
5, 131, 1549
What are the prime factors of 63118?
2, 11, 19, 151
List the prime factors of 1697694.
2, 3, 97, 2917
What are the prime factors of 95195?
5, 79, 241
What are the prime factors of 12329556?
2, 3, 17, 19, 3181
What are the prime factors of 1350495?
3, 5, 30011
List the prime factors of 413094.
2, 3, 11, 569
What are the prime factors of 5109304?
2, 638663
List the prime factors of 748099.
11, 47, 1447
What are the prime factors of 886456?
2, 110807
What are the prime factors of 3008560?
2, 5, 37607
List the prime factors of 1317440.
2, 5, 23, 179
List the prime factors of 824306.
2, 7, 97, 607
List the prime factors of 1342639.
149, 9011
What are the prime factors of 451656?
2, 3, 17, 41
What are the prime factors of 11864602?
2, 467, 12703
W